f x and 16?
16
Suppose 4*u - 354 = -5*q, 0 = -3*u + u + 2. What is the greatest common divisor of q and 245?
35
Suppose 0 = -3*t - 4*r + 55, -4*t + 8*t - 5*r = 94. What is the highest common divisor of t and 28?
7
Let v be (-6)/(-33) + 0 - (-390)/33. What is the highest common factor of 240 and v?
12
Let j = -220 - -221. What is the greatest common divisor of 3 and j?
1
Let o(l) = l**3 - 14*l**2 + 2. Let k = 36 + -22. Let b be o(k). Calculate the greatest common divisor of b and 10.
2
Let r(n) be the third derivative of n**4/8 + n**3/2 + 14*n**2. Let u be r(1). Calculate the highest common factor of 42 and u.
6
Suppose 2131 = 3*b - 26*n + 21*n, 0 = b - 4*n - 708. Calculate the greatest common factor of b and 8.
8
Suppose 3*a = -0*a - 18. Suppose -3*l - g = 20, 3*l = 8*l - g + 28. Let s be (l/(-3))/(a/(-24)). Calculate the highest common factor of s and 64.
8
Suppose 12*k = 13*k - 46. Calculate the greatest common factor of k and 69.
23
Let v be (2 - 2/(-6))/((-34)/(-204)). What is the greatest common factor of v and 322?
14
Suppose 389 = 2*v + 101. Suppose 10*n + 90 = 16*n. Let j = n - -1. What is the greatest common divisor of j and v?
16
Suppose 26*v - 953 = 113. Calculate the greatest common factor of v and 164.
41
Suppose 2*h - 384 = -5*n, -13*h + 12*h - 2*n = -192. Calculate the highest common factor of 36 and h.
12
Let c(z) be the second derivative of z**3/6 + 27*z**2/2 + 5*z. Let l be c(-23). What is the greatest common factor of 32 and l?
4
Let h(k) = k + 16. Let j be h(-15). Suppose -2*a + 3*v = -179, -3*v + j = -2*v. Calculate the highest common factor of 13 and a.
13
Let s(f) = f - 1. Let m be s(8). Let h = m - -10. Calculate the greatest common factor of 85 and h.
17
Suppose -1969*l + 1974*l - 510 = 0. Calculate the greatest common factor of l and 561.
51
Suppose 2*u - 464 = -4*z + 4*u, -5*u = -5*z + 580. Suppose 5*w = 424 + z. Let o = -110 + 122. What is the highest common factor of w and o?
12
Suppose -228*b + 125 = -223*b. Calculate the greatest common factor of b and 40.
5
Suppose 3*r + 71 = -v, 28 = -v + 4*r - 15. Let t = -16 - v. Let b = -31 + t. Calculate the greatest common divisor of b and 3.
3
Let n(a) = 5*a**2 - 1 - a**3 - 4 - 3 + 6 + a. Let m be n(2). What is the highest common divisor of 60 and m?
12
Suppose -20 = -3*i + 22. Let k = 19 - 5. Let v = k - 0. What is the highest common factor of v and i?
14
Suppose -5*v - 3*o + 35 = 0, -1 + 6 = -5*v + 5*o. Suppose 64 = 20*q - v*q. Calculate the highest common factor of q and 4.
4
Let v = -70 - -102. Suppose v - 140 = -3*t. What is the greatest common factor of t and 12?
12
Suppose -2*z = -4*x - 0*z + 146, -3*z = 9. What is the highest common factor of 14 and x?
7
Suppose -3*p - 29 = -4*v + 220, 3*p - 3 = 0. What is the greatest common factor of v and 36?
9
Suppose 4*g = -0*g + 56. Let q(t) = 4*t**2 - 162*t + 108. Let u be q(40). Calculate the highest common divisor of u and g.
14
Suppose 3*m = -m + 224. Let u be 2/(-5)*(-1090)/4. Let a = u - -31. Calculate the highest common divisor of m and a.
28
Let s be (-9)/3*10/(-6). Suppose 2*x + j = 9 + 26, j = s*x - 84. What is the greatest common factor of 17 and x?
17
Suppose 0*x - 525 = 5*x - 2*p, -x - 88 = 3*p. Let y = 144 + x. Calculate the greatest common factor of 246 and y.
41
Let n = -13 + 11. Let k be n + (-22)/(-1 - 1). Let p = 43 + -34. Calculate the greatest common factor of k and p.
9
Let m be 111 + (-5*6)/5. What is the greatest common divisor of 120 and m?
15
Let j = -2262 + 2292. Calculate the greatest common factor of j and 135.
15
Let m be 27 + 6*2/(-4). Suppose 2 = -2*g - 2*v, 0*v = g - 4*v - m. Suppose 112 = -0*l + 4*l. What is the highest common factor of l and g?
4
Suppose 0 = -4070*k + 4054*k + 144. What is the highest common divisor of 1143 and k?
9
Let n = -263 - -529. Suppose 3*s = n + 31. Calculate the greatest common factor of 9 and s.
9
Let i = 7 + -11. Suppose 8 + 0 = 2*w. Let l be 61/w - (-1)/i. Calculate the greatest common factor of 3 and l.
3
Let v = 5 - 1. Let g = 52 + -68. Let k be -10 + 516/32 - (-2)/g. Calculate the greatest common factor of v and k.
2
Suppose -23*x = -21*x + 3*k - 2421, 3*k = -9. Calculate the highest common factor of x and 15.
15
Suppose 0 = -3*t + 3*m + 42, -3*t - 6*m = -m - 2. What is the highest common divisor of t and 48?
3
Suppose -4*p = -9*p + 2*d + 238, -p + 43 = -5*d. Calculate the highest common divisor of p and 16.
16
Suppose 0 = 4*q + 2*r - 70, 5*q + r - 95 = -3*r. Let l be 2/6 + 364/(-39) + 12. Calculate the greatest common divisor of l and q.
3
Let j be (-15)/(-6) + (-2)/(-4). Suppose -3*c + c + 5 = -3*v, -15 = -j*v - 3*c. Let q be v/4*0 + 2. What is the greatest common factor of q and 8?
2
Suppose 2*l + g - 26 = 0, 0 = -3*l + 2*g + 31 + 22. Let t = 15 + 45. What is the greatest common factor of l and t?
15
Let d = 1272 + -1137. Calculate the greatest common divisor of d and 35.
5
Let z be (2/(-6))/((-9)/1323). Let p(c) = 77*c + z - 49. Let h be p(1). Calculate the highest common factor of h and 7.
7
Let i = 1093 - 443. What is the highest common factor of 50 and i?
50
Let j be (18/8)/(12/(-480)). Let s = 145 + j. What is the greatest common divisor of s and 5?
5
Suppose 4*t - 26 = -2. Suppose -t*y + 56 = -4*y. Let v(c) = c**3 - c**2 + 47*c - 448. Let o be v(6). Calculate the greatest common divisor of y and o.
14
Suppose 3*a + 3*l - 5*l = 4, 3*a = -3*l + 24. Calculate the highest common divisor of 368 and a.
4
Let b(y) = -y**2 + 10*y - 13. Let t be b(8). Suppose o = -0*g - 3*g + 39, t*o = g + 87. What is the highest common divisor of o and 150?
30
Let y be 73/3 + 2/3. Let d = 71 - 66. What is the greatest common factor of d and y?
5
Let l = 26 - -58. Suppose 3*o = -4*o + l. Calculate the highest common divisor of o and 12.
12
Suppose 4*j + 4 = 0, 0 = r - 2*r + 2*j + 6. Let o = -14 - -24. What is the greatest common factor of r and o?
2
Let v be 4/(12/39) + -4. Suppose 0 = 14*u - v*u. Suppose u = -5*j + 131 - 1. Calculate the greatest common factor of j and 182.
26
Let z be ((-8)/20)/((-3)/(-90)*-2). What is the highest common factor of 2 and z?
2
Suppose -4*i - 2 = 6. Let d be (9 + (-4)/i)*3. Let l(t) = -11*t - 165. Let j be l(-16). What is the greatest common divisor of j and d?
11
Suppose -19 - 29 = -4*u. Suppose m = -m - u. Let a = m - -22. What is the greatest common divisor of a and 16?
16
Let d(g) = g**2 + 12*g + 36. Let m(s) = -3*s**2 - 36*s - 107. Let f(v) = -8*d(v) - 3*m(v). Let t be f(-9). What is the greatest common divisor of t and 12?
6
Let m be 1441/110 + 1 + (-11)/10. Suppose c - 77 = -2*r, 2*c = -c - 3. What is the highest common factor of m and r?
13
Suppose -4 = -5*f + 1. Let b(l) = 11*l**2 + 9 - 9*l**2 - 5*l**2 + l**3 - 4*l**2. Let y be b(7). Calculate the greatest common divisor of y and f.
1
Let n = -597 + 723. What is the highest common factor of n and 14?
14
Let j be (8/(-10))/((-4)/(-160)). Let z be 132/(-34) + j/272. Let u be 4 - ((7 - 0) + z). Calculate the greatest common divisor of u and 1.
1
Let v(q) = -28*q + 24*q + 57*q + 1. Let k be v(1). What is the greatest common factor of 27 and k?
27
Let x = -42 + 317. What is the highest common divisor of 55 and x?
55
Let h = 886 + -874. What is the greatest common factor of h and 96?
12
Let m = 61 + -49. Suppose 0 = -6*i + 4*i + m. What is the greatest common divisor of 12 and i?
6
Suppose h - 664 = -3*h - 4*s, h + 5*s - 182 = 0. Let x be 158/18 + 36/h. What is the highest common factor of x and 1?
1
Let j(s) = -6*s - 27 - 11 + 8. Let o be j(-9). What is the highest common factor of o and 12?
12
Let k(t) = -18*t + 5. Suppose -4*d + 15 = -1. Let q be k(d). Let m = q - -97. Calculate the greatest common divisor of 6 and m.
6
Let q(x) = -x**3 - x**2 - 2*x + 332. Let j be q(0). Suppose 2*a + 110 = -3*b + j, 60 = b - 4*a. Calculate the highest common factor of b and 18.
18
Suppose 300 = -16*a + 26*a. What is the highest common factor of a and 9?
3
Let j(n) = 2*n**2 + 12*n + 16. Let u be j(-7). Calculate the greatest common factor of 3 and u.
3
Let s be (0 - -19)*(-80)/(-10 - 6). Suppose -v + 3 = -16. Calculate the highest common factor of v and s.
19
Let d be (-3)/24 + (-175)/(-56). Suppose -d*h - 27 = -3*x, 0 = -4*x + h + 4 + 20. Calculate the highest common factor of 5 and x.
5
Suppose -